e
Is 4465116781 a composite number?
False
Is 835823779 prime?
False
Is 938938773 prime?
False
Is 105304723 a composite number?
False
Is 15893065393 a prime number?
True
Is 26949578683 a prime number?
True
Is 1564294651 prime?
False
Is 57030937297 a prime number?
True
Is 34716564583 composite?
False
Is 4668467549 prime?
False
Is 117233929 a composite number?
False
Is 161914373 prime?
True
Is 1239857695 a composite number?
True
Is 441335053 composite?
True
Is 1778982169 composite?
True
Is 32938638023 prime?
True
Is 1563707473 composite?
True
Is 1123769473 a composite number?
True
Is 6379294313 a composite number?
True
Is 6098417459 prime?
True
Is 1465269479 prime?
True
Is 6631655629 composite?
False
Is 2009228899 composite?
False
Is 637951849 a composite number?
False
Is 4194775813 composite?
True
Is 23289721069 a composite number?
False
Is 4300986127 a composite number?
False
Is 140491902373 a composite number?
True
Is 2395141741 a composite number?
True
Is 1261656577 prime?
True
Is 109516649915 a composite number?
True
Is 1827180547 a composite number?
False
Is 356531689 composite?
True
Is 769916597 a composite number?
False
Is 1082057687 a prime number?
True
Is 609818327 a prime number?
True
Is 1258309131 a composite number?
True
Is 850768661 prime?
True
Is 4709072411 a composite number?
False
Is 1393301803 a prime number?
True
Is 2044884523 prime?
False
Is 75638075341 prime?
False
Is 96487522541 composite?
True
Is 185020928837 a composite number?
True
Is 73086707179 a prime number?
False
Is 10728812005 a composite number?
True
Is 19733861381 a prime number?
False
Is 66488633 composite?
True
Is 162678309 composite?
True
Is 78706904879 prime?
True
Is 25722646613 composite?
False
Is 8950487309 a prime number?
True
Is 450652722563 a prime number?
True
Is 812226227 composite?
False
Is 1317663815159 prime?
True
Is 17311634231 prime?
True
Is 309736596635 a composite number?
True
Is 69972941 prime?
True
Is 66566681 prime?
False
Is 2917705711 prime?
True
Is 43879980803 prime?
True
Is 796551583 a prime number?
True
Is 11996518223 a composite number?
True
Is 22984256423 a composite number?
False
Is 31866633031 a prime number?
False
Is 2242417101 prime?
False
Is 1084875029 a prime number?
False
Is 17436740201 prime?
False
Is 6955932769 a composite number?
False
Is 4672194833 prime?
True
Is 63668430827 a composite number?
True
Is 798241369 a composite number?
True
Is 268944847 a prime number?
False
Is 46040282831 prime?
True
Is 237843320453 composite?
True
Is 341703163 a composite number?
True
Is 2625366973 a composite number?
False
Is 185622769 prime?
False
Is 12471351506 a composite number?
True
Is 7026140831 composite?
True
Is 2550339637 a prime number?
False
Is 23685057199 prime?
False
Is 12722649517 a composite number?
False
Is 16015691137 prime?
True
Is 78308299 prime?
True
Is 136755019 prime?
False
Is 2196031787 prime?
True
Is 6439177361 a prime number?
False
Is 3869065483 composite?
True
Is 31320365333 a composite number?
False
Is 23647601149 composite?
False
Is 182623069 prime?
False
Is 11325489979 composite?
False
Is 29997221087 prime?
True
Is 5992571093 a composite number?
True
Is 7727566081 composite?
False
Is 30109206497 a prime number?
False
Is 60215172789 composite?
True
Is 45975055873 a prime number?
False
Is 45557924117 a prime number?
True
Is 62534634478 a prime number?
False
Is 3593240467 a prime number?
False
Is 649703059 a composite number?
True
Is 4834486427 prime?
True
Is 301714117 a prime number?
False
Is 13405489597 a prime number?
True
Is 1688668367 a composite number?
False
Is 48149077189 a prime number?
True
Is 414581927 a composite number?
True
Is 20126012653 a prime number?
False
Is 16966255651 a prime number?
False
Is 276080206315 a composite number?
True
Is 31807471931 composite?
True
Is 17779127941 a composite number?
False
Is 3259658293 a prime number?
True
Is 1032071951 a prime number?
True
Is 33805873151 a composite number?
False
Is 41369787035 prime?
False
Is 96717234743 a prime number?
True
Is 70144156682 prime?
False
Is 134995953707 composite?
False
Is 3691527317 a prime number?
False
Is 19632285203 a composite number?
True
Is 15981259733 a prime number?
False
Is 3504218753 prime?
False
Is 39870129289 a prime number?
False
Is 4812564997 a composite number?
False
Is 3440636482 composite?
True
Is 5571702335 a composite number?
True
Is 2120345819 a composite number?
True
Is 878937949 a composite number?
False
Is 450261071 a prime number?
False
Is 2014693591 composite?
True
Is 808551803 a composite number?
True
Is 946545547 prime?
True
Is 56720718277 prime?
False
Is 340629717643 prime?
False
Is 2358043211 a composite number?
True
Is 27225731185 composite?
True
Is 5272600847 a composite number?
True
Is 12856450561 a composite number?
False
Is 1233976949 prime?
True
Is 353136395 a composite number?
True
Is 3263254451 prime?
True
Is 912121409 composite?
True
Is 646718203 a composite number?
False
Is 1388872619 prime?
True
Is 417613531 a prime number?
True
Is 6196719581 a composite number?
True
Is 44094910987 composite?
True
Is 2428972619 composite?
False
Is 792209137 composite?
False
Is 49362692663 composite?
False
Is 3961294757 prime?
False
Is 317365913 composite?
False
Is 1384992905 composite?
True
Is 5769428849 a composite number?
True
Is 21784365443 a composite number?
False
Is 23213886013 prime?
True
Is 726540557 a prime number?
True
Is 68953447 composite?
True
Is 2622663091 a prime number?
True
Is 64836719 a prime number?
True
Is 23700653 a composite number?
False
Is 369339389 a prime number?
False
Is 144601823473 a composite number?
False
Is 633469607 composite?
True
Is 639515609 a prime number?
False
Is 51125627302 a composite number?
True
Is 89506159 prime?
False
Is 25863610253 composite?
True
Is 1218562201 composite?
False
Is 59321757038 prime?
False
Is 2566910159 a composite number?
True
Is 7499038303 a composite number?
False
Is 400667297 a composite number?
True
Is 67316189695 prime?
False
Is 169253355419 prime?
False
Is 562405541 prime?
True
Is 62758441645 composite?
True
Is 2847489809 a prime number?
False
Is 1754019877 a composite number?
True
Is 44705392649 prime?
False
Is 71029537511 a prime number?
False
Is 317887819 a composite number?
False
Is 6424496909 a composite number?
False
Is 304130651 composite?
True
Is 2634233597 a composite number?
True
Is 681520061 a composite number?
True
Is 2529378517 a prime number?
False
Is 90474815533 prime?
True
Is 11091674053 a composite number?
False
Is 17812027367 a prime number?
False
Is 61642409 composite?
True
Is 3550540139 prime?
False
Is 2851926233 a composite number?
True
Is 472870913 a composite number?
True
Is 12447549539 a composite number?
False
Is 1770118057 a composite number?
False
Is 3451256243 a prime number?
False
Is 1825581493 a prime number?
False
Is 30381324499 a composite number?
True
Is 855109819 a prime number?
True
Is 5485883899 composite?
False
Is 24637164653 a prime number?
False
Is 5413488807 prime?
False
Is 3476408191 composite?
True
Is 22289135537 composite?
True
Is 569675657 a prime number?
True
Is 148008355373 prime?
True
Is 33146558603 composite?
True
Is 3241168103 a prime number?
False
Is 83676448958 a composite number?
True
Is 622853642 prime?
False
Is 8019946127 a prime number?
True
Is 131699486 a composite number?
True
Is 1426815133 composite?
True
Is 285050147 a prime number?
True
Is 364497611 a composite number?
False
Is 1704517247 a prime number?
True
Is 55512429829 a composite number?
True
Is 3285678273 composite?
True
Is 6976045721 a composite number?
False
Is 8628984173 composite?
True
Is 73795032167 composite?
True
Is 1414749629 a composite number?
True
Is 66045062989 composite?
False
Is 23411951531 prime?
True
Is 22557943207 a prime number?
True
Is 3682055521 composite?
False
Is 252396329 composite?
True
Is 1459423851 composite?
True
Is 2068053919 a prime number?
True
Is 17308705979 composite?
False
Is 235580087 a prime number?
False
Is 21220968841 a composite number?
True
Is 473532853 a prime number?
True
Is 3382108403 prime?
False
Is 215293821619 a prime number?
True
Is 12950534381 composite?
False
Is 6032032399 a prime number?
True
Is 6766231361 a prime number?
True
Is 625123789 a composite number?
True
Is 122671473